 = -0*j. Let b(t) = j*u(t) + o*v(t). What is b(-1)?
9
Let z(y) be the first derivative of -5*y**2 - y - 3. Suppose 0*t = t + 1. Give z(t).
9
Suppose -5*l = -l - 8. Suppose -1 = l*z - z. Let h(t) = 0 + 1 - 3*t**3 + 2*t**3. Calculate h(z).
2
Suppose -6*m - 3*r - 21 = -3*m, -3*m - 11 = r. Let o(w) = 2*w**2 + 27*w - 28*w - 3*w**2. Give o(m).
-2
Let i(j) = 11*j + 0 - 13*j + 2 - j**2. Suppose 0 = -3*s + d + 11, 6*d = 5*s + d - 35. Determine i(s).
-6
Let l(s) = 12*s**2 - 11*s - 14. Let m(f) = -4*f**2 + 4*f + 5. Let a(n) = 6*l(n) + 17*m(n). Give a(-1).
3
Let x(t) = 29*t**2 + 34*t**2 + t - 62*t**2 + 7*t**3. Suppose 3*f - 3 = 9. Suppose f*i + 5 = -j - 0*j, 5*i + 4 = j. What is x(j)?
-7
Suppose 0 = q + 1. Let z(s) be the third derivative of 0*s + 1/60*s**5 + 0*s**3 + 1/24*s**6 - s**2 + 1/24*s**4 + 0. What is z(q)?
-5
Let m = 0 - -2. Suppose 6*x - 8 = m*x. Let s be (x - 7)*(-1 - 0). Let i(d) = d**3 - 6*d**2 + 5*d + 2. Give i(s).
2
Let b(w) be the third derivative of -w**5/60 - w**4/3 - w**3/3 - 5*w**2. What is b(-3)?
13
Let j = 33 + -40. Let m(k) = -k**2 - 5*k + 9. What is m(j)?
-5
Let i(o) = o**2 - 5*o + 2. Let r(a) = -3 + 3*a**2 - 1 + 4*a + 2 - 4*a**2. Let b(y) = 2*i(y) + 3*r(y). Let w(f) be the first derivative of b(f). Calculate w(-3).
8
Suppose 0 = -4*k + 5*k - 2*q - 12, 4*q + 20 = 0. Let v(r) be the second derivative of -r + 1/2*r**k + 1/6*r**3 + 0. Give v(-5).
-4
Let n = -52 + 44. Let m(w) = -2*w - 6. Calculate m(n).
10
Let y(x) be the first derivative of x**4/12 - x**3/6 - 5*x - 4. Let t(c) be the first derivative of y(c). Calculate t(1).
0
Let k(h) = h**2 + 2*h - 7. Let y be k(-5). Let a be 20/y*(2 + 0). Let l(x) = 3 - 4*x**2 + 5*x + 3*x**2 - 2*x. What is l(a)?
-7
Suppose 12 = f - 3*q, q - 3*q = 4*f - 20. Suppose -2*x + f = -4*r - 6, 5 = -r. Let a(b) = b**2 + 4*b + 1. What is a(x)?
1
Let g(y) be the first derivative of y**3/3 + 8*y - 4. Calculate g(0).
8
Let y(p) = p**3 - 2*p**2 - 2*p - 1. Let b be y(3). Let c = 10 + -7. Let n(o) = 2 + c*o - 2. Calculate n(b).
6
Let g(d) = 2*d + 1. Let u(i) = -7*i - 17. Let r(p) = 5*g(p) + u(p). Give r(11).
21
Let u(x) = 2*x**3 + 2*x**2 + x. Let i = -29 + 18. Let v = -13 - i. Calculate u(v).
-10
Let i(a) = -a + 14. Suppose 8*q + 16 = 10*q. Give i(q).
6
Let o(p) = 1 - 2 + 24*p**2 + 7*p**3 - 23*p**2. Give o(-1).
-7
Let p(m) = -m**2 - m. Let o(q) = -q**2 - 5*q - 5. Let i(l) = -o(l) + 2*p(l). Calculate i(5).
-5
Let x(m) be the third derivative of -m**5/12 + m**3/6 - 56*m**2. Let c(u) = 2*u - 1 - 3*u - u. Let i be c(-1). Determine x(i).
-4
Let g(n) be the second derivative of -3/2*n**2 + 0 - 1/6*n**3 + 2*n. Let b be g(-7). Let c(d) = -2*d + 5. Determine c(b).
-3
Let o(f) = 4*f + 1. Suppose -5 = -2*c + 1. Suppose 0*p - 9 = -c*p. Suppose z - p = 4*z. Determine o(z).
-3
Let x be ((-15)/6)/(-5)*0. Suppose 0 = -5*v - 2*g - 2*g + 16, v + 4*g = 0. Suppose 0 = -d - x - v. Let r(l) = l**2 + 4*l - 5. What is r(d)?
-5
Let a(p) = 4*p**2 + 2*p + 1. Let y be a(-1). Suppose -5*m = y*k - 18, 2*k - 1 = k. Let c(h) = -76 + 0*h + 78 - h. Give c(m).
-1
Let v(y) = y**3 + 4*y**2 - 6*y - 3. Let x(o) = o + 1. Let t be x(-6). Let c be v(t). Let w(k) = -7 - 3*k - 2*k - k**2 + c*k**2. Give w(5).
-7
Let l = 8 + -5. Suppose -4*m - 12 = -4*f, 4*f + 0*f + 4 = -4*m. Let u(x) = f + 8*x - l*x + 0*x. Determine u(1).
6
Let x be -1*2/(-9) - 15/108. Let v(r) be the third derivative of 1/30*r**6 + 0*r**5 - 2*r**2 + 0 + x*r**4 - 1/6*r**3 + 0*r. Calculate v(1).
5
Let b(n) = 6 - n**3 - 6*n + 5*n**2 + 3*n**2 - 2*n**2. Suppose 2*t - 8 = 2. Determine b(t).
1
Let h(v) be the first derivative of 1 + v + 3/2*v**2. Determine h(-1).
-2
Let b = -220 - -99. Let g be b/(-22) - (-2)/(-4). Let h(x) = x + 3. What is h(g)?
8
Let x(z) be the second derivative of -z**5/20 - z**4/3 + z**3/6 - 5*z**2/2 + 47*z. What is x(-4)?
-9
Suppose 3*m - 16 = 5*d, -3*m + m - d + 15 = 0. Suppose 0*t + 11 = -2*t + 5*o, -o = 2*t - m. Let p = t + -8. Let g(l) = -l**2 - 5*l + 4. What is g(p)?
-2
Let y be 30/12*(-36)/15. Let f(k) = k**2 + 7*k + 9. What is f(y)?
3
Let q(n) = n**3 - 4*n**2 + 2. Let d(t) = t**2 + 2*t - 1. Let o be d(-3). Let u = o + 1. Calculate q(u).
-7
Let l(g) = -2*g**2 + 9*g + 9. Let h(t) = 3*t**2 - 17*t - 18. Let a(i) = -3*h(i) - 5*l(i). Calculate a(-5).
4
Let m(b) be the second derivative of -b**5/20 + b**4/4 + 2*b**3/3 + 9*b. Let k = -2 - -6. Calculate m(k).
0
Suppose -2*l + 2 = -16. Let x = l + 3. Suppose -3*q + 5*d + x = 49, -5*q - d = 15. Let f(o) = 2*o + 3. Determine f(q).
-5
Let m(p) = p**3 + 4*p**2 - 4*p + 5. Let l be -1 + (-12)/(-15)*(-1 + -4). Calculate m(l).
0
Let s = -21 - -17. Let o(y) = -y**3 - 4*y**2 - 2*y + 4. Give o(s).
12
Let p(b) = -4 + 2*b - 1 - 8*b - b**2. Suppose 2*j + 20 = -3*j. Let v be -1 + (0 - j/(-1)). What is p(v)?
0
Let a(n) = -3*n + 7. Let z(d) = 2*d - 3. Let s(w) = -4*a(w) - 7*z(w). Give s(-5).
3
Let t(q) = 2 - 1 - 7*q**2 + 5 + 6*q + q**3 + 0. Calculate t(6).
6
Suppose -3*d - u = 13, 0 = -2*u - u - 3. Suppose -5*f - 9 = -14. Let j(q) = 2*q - f - q + 1 + 4. Give j(d).
0
Let z(y) be the second derivative of y**6/120 + y**5/60 + y**4/24 - y**3/3 - 2*y**2 - 9*y. Let h(x) be the first derivative of z(x). Determine h(-2).
-8
Let r(m) = m**2 - 5*m - 3. Suppose -24 = -3*p + 3*f, -p - 25 = -6*p + 2*f. Let d(x) = -2*x**2 + 5*x + 3. Let k(y) = p*r(y) + 2*d(y). Determine k(-4).
1
Let b(a) = 3*a**2 + 2*a + 7. Let n(d) = -2*d**2 - d - 4. Let v(i) = -i + 4. Let l be v(7). Let o(h) = l*b(h) - 5*n(h). Calculate o(4).
11
Let d(a) = a + 3*a**2 - 2 + 2*a**2 - 6*a**2. Calculate d(3).
-8
Let t(v) be the second derivative of -v**3/6 - 3*v**2/2 - 13*v. Determine t(3).
-6
Let h(r) be the first derivative of r**2 + r + 21. What is h(-1)?
-1
Let r(d) be the second derivative of d**4/12 + 7*d**3/6 + 5*d**2/2 - 5*d. Determine r(-5).
-5
Let c(r) be the first derivative of r**2 + r - 36. What is c(-3)?
-5
Let t(a) = a**3 + 7*a**2 + a. Suppose -4*j + 9 = -j. Let f(m) = 0*m**j - 3*m**2 - m**3 - m - 3*m**2. Let l(r) = -4*f(r) - 3*t(r). Calculate l(-1).
1
Suppose 0 = -c + 4*c + 2*l + 14, 4 = -l. Let p be (c - 0) + (3 - 5). Let n(q) = q**2 + 3*q + 2. What is n(p)?
6
Let v = 10 - 6. Let m(n) = n**3 - 5*n**2 + 2*n + 1. Determine m(v).
-7
Let b(c) = -c**2 - 18 - c + 5*c + 20 - 2*c. Let w be b(3). Let d(p) = -5*p**2 + 1. Give d(w).
-4
Suppose t + 4*t - m - 18 = 0, -2*t + 3*m + 15 = 0. Let b(j) = -2*j**t - 2*j**3 - j + 5*j**3 - 1. Let c be -4*1 + (2 - 0)*1. Calculate b(c).
-7
Let d(p) be the second derivative of 1/12*p**4 - 1/2*p**3 - 2*p**2 - p + 0. Let v(l) = 2*l**2 + 1. Let n be v(1). Give d(n).
-4
Let z(j) = -j**3 - 7*j**2 - 7*j - 2. Let d be z(-6). Let f(o) = 0 - d + 3*o - 2*o. What is f(4)?
0
Let m(p) = -p**2 - 3*p - 1. Let a be m(-2). Let t = a - -1. Let b(v) = 4*v - v + 0 - 2 + v**t - 2*v**2. Give b(2).
0
Let j(y) = -y**3 - 2*y**2 + y + 6. Let o(f) = f**3 + 2*f**2 - f - 5. Suppose -5*n - 24 = -n. Let p(u) = n*o(u) - 5*j(u). Calculate p(-3).
6
Let d be (-3)/((-6)/14) - 2. Let n(f) = 4 + 3*f + 3*f - d*f. Give n(-5).
-1
Suppose -2*n - 10 = -5*u + 3*u, -3*u = 5*n - 15. Let z(c) = c**3 - 5*c**2 - 2*c + 6. Give z(u).
-4
Suppose -2*j = 5*g - 10 - 9, 3*j + g = 9. Let r(z) = -3 - 4*z + j*z + 2 + 0. Give r(-1).
1
Let u(l) = 4*l. Let t(x) = -x - 9. Let z(w) = w**3 - w**2 - 2*w + 1. Suppose -b - b - 4 = 0. Let p be z(b). Let h be t(p). Give u(h).
-8
Suppose -10 = b + b. Let d be (2/(-4)*0)/(-3). Let m(q) = -3*q**3 + 4*q + 3*q + d + 6*q**2 + 4*q**3 + 4. Give m(b).
-6
Let k(f) be the second derivative of -f**3/6 + f**2/2 - 7*f. Determine k(0).
1
Let v(p) be the first derivative of p**4/12 - p**3/6 + p**2/2 + 4*p - 3. Let t(c) be the first derivative of v(c). Calculate t(2).
3
Let c(w) = 5*w + w**2 + 2*w**3 - 4*w - 3*w**3 - 2 + 0*w. Let z be c(2). Let k(o) = -3 + o - 6*o - 5*o**2 - o**3 + 0*o**3. Give k(z).
1
Let p(j) be the third derivative of -j**5/20 - j**4/24 - j**3/3 + 2*j**2. Let a(o) = -o**2 - 1. Let t(q) = -5*a(q) + 2*p(q). Give t(-3).
-2
Let p be (-1)/(-2) + 2/(-4). Let z(f) = -f + 5. Give z(p).
5
Let c(s) = 4*s**2 - s - 1. Suppose 0 = 2*t - 7 + 3. Let u be ((-2)/t - -3)/(-2). Give c(u).
4
Let w(m) = -3*m + 1 + m - 8. Determine w(-7).
7
Let y(k) = -5*k**2 + 9*k - 2. Let v(g) = 11*g**2 - 19*g + 4. Let i(w) = -6*v(w) - 13*y(w). Determine i(-3).
2
Let t(z) = -5*z**2 + 4*z. Let i(n) =